e greatest common factor of 39 and 126219587.
13
Calculate the highest common divisor of 19253901 and 214.
107
Calculate the greatest common divisor of 2670186 and 6.
6
Calculate the highest common factor of 36 and 9668892.
12
What is the highest common divisor of 3837 and 87484879?
1279
Calculate the greatest common factor of 69389885 and 4155.
1385
Calculate the highest common factor of 143 and 126137.
11
What is the highest common divisor of 72513 and 3024?
63
Calculate the greatest common factor of 2712444 and 547629.
1977
What is the highest common divisor of 3 and 14152179?
3
Calculate the highest common divisor of 4659337 and 50917.
863
What is the greatest common factor of 205 and 12023496?
41
Calculate the highest common divisor of 27 and 2562045.
3
What is the highest common divisor of 3150985 and 5?
5
Calculate the greatest common divisor of 9 and 9201267.
9
What is the greatest common divisor of 1144 and 1457402232?
1144
Calculate the greatest common factor of 948921096 and 6936.
6936
Calculate the greatest common factor of 22757117 and 57.
19
What is the highest common divisor of 1530 and 686947050?
1530
What is the highest common divisor of 4060127 and 3133?
241
Calculate the greatest common divisor of 23688 and 35622.
18
What is the highest common factor of 11477211 and 427?
61
What is the highest common factor of 594 and 19813574?
22
What is the highest common factor of 104 and 3270293?
13
Calculate the highest common factor of 60342 and 79655.
89
What is the greatest common factor of 4512 and 3904720896?
4512
Calculate the highest common divisor of 415535 and 40057.
41
Calculate the highest common divisor of 8950 and 1026950.
50
Calculate the greatest common factor of 250 and 29180020.
10
What is the highest common factor of 1352 and 125015384?
1352
Calculate the greatest common factor of 115 and 110342431.
23
Calculate the greatest common divisor of 552 and 14253146.
46
What is the greatest common factor of 54170339 and 4892?
1223
What is the highest common factor of 4195856 and 1168?
16
Calculate the highest common divisor of 23615580 and 60.
60
What is the greatest common factor of 32587142 and 938?
14
What is the highest common divisor of 108 and 64077264?
108
What is the highest common factor of 11319 and 106689?
33
What is the greatest common divisor of 653725 and 26544?
79
What is the greatest common factor of 9200 and 357052?
92
What is the highest common divisor of 44941392 and 4860?
972
Calculate the greatest common factor of 58750230 and 24486.
462
Calculate the highest common divisor of 534128 and 2432.
304
Calculate the greatest common factor of 10689 and 63413256.
1527
What is the highest common divisor of 1347630 and 899?
29
Calculate the greatest common divisor of 274396 and 9486572.
724
What is the greatest common factor of 89067623 and 2879?
2879
Calculate the greatest common divisor of 78 and 271564592.
26
Calculate the highest common factor of 1318 and 456496549.
659
What is the highest common divisor of 60652 and 1176289?
257
What is the highest common factor of 2610377 and 783?
29
Calculate the highest common divisor of 4668 and 184284.
12
What is the highest common divisor of 299356 and 536?
268
What is the highest common factor of 659723768 and 88?
88
Calculate the highest common divisor of 2664406 and 228194.
3214
Calculate the highest common divisor of 35677369 and 91.
91
Calculate the highest common factor of 2017 and 1033678211.
2017
Calculate the greatest common divisor of 10515323 and 2366.
91
What is the highest common divisor of 378 and 4117428?
126
What is the greatest common factor of 38695 and 46770265?
545
Calculate the highest common factor of 1123788908 and 176.
44
What is the highest common factor of 260 and 112046636?
52
What is the highest common factor of 55 and 6203635?
5
Calculate the highest common divisor of 4577 and 1302614200.
4577
What is the highest common factor of 21357049 and 238?
119
What is the greatest common factor of 24 and 11854496?
8
Calculate the highest common divisor of 5467815 and 36.
9
Calculate the highest common factor of 1221736 and 35224.
8
Calculate the highest common divisor of 45764 and 751227501.
11441
What is the greatest common divisor of 41470 and 686400?
1430
Calculate the highest common factor of 130 and 120320.
10
Calculate the greatest common factor of 90 and 25114365.
45
Calculate the highest common factor of 73 and 259229497.
73
What is the highest common factor of 934185 and 18228?
4557
What is the highest common factor of 4240 and 6247216?
848
What is the highest common factor of 54787312 and 16?
16
Calculate the greatest common factor of 36 and 55238886.
18
What is the highest common divisor of 2126046 and 4?
2
What is the greatest common factor of 835486555 and 9868?
2467
Calculate the highest common divisor of 129595 and 270.
5
Calculate the greatest common divisor of 432588 and 95108.
3068
What is the greatest common divisor of 447555051 and 3268?
817
What is the highest common divisor of 511 and 630047013?
73
Calculate the highest common factor of 286579 and 95407.
179
Calculate the highest common factor of 32474 and 2740306.
2498
What is the greatest common divisor of 334420 and 47610?
230
Calculate the greatest common divisor of 307838 and 6764.
38
What is the greatest common divisor of 28385 and 271990747?
5677
Calculate the greatest common factor of 19350 and 1438650.
450
What is the highest common divisor of 1776 and 588633?
111
Calculate the greatest common divisor of 1252356 and 34068.
204
What is the highest common divisor of 354 and 2738249?
59
What is the greatest common factor of 351 and 136573281?
117
Calculate the greatest common factor of 2202865 and 91.
7
Calculate the greatest common factor of 482653 and 45218.
983
Calculate the greatest common divisor of 325 and 5285189.
13
Calculate the highest common divisor of 1688 and 825258136.
1688
Calculate the highest common divisor of 1069941202 and 26202.
8734
What is the highest common factor of 92 and 2665724?
4
Calculate the greatest common factor of 15048 and 8780736.
456
Calculate the highest common factor of 106256 and 103472.
464
What is the greatest common factor of 62771905 and 595?
595
What is the highest common factor of 18392 and 4060276?
484
What is the greatest common divisor of 2624465 and 10?
5
Calculate the highest common factor of 3485 and 17337178.
697
What is the greatest common factor of 12036 and 22764088?
4012
What is the greatest common factor of 39 and 395525507?
13
Calculate the greatest common divisor of 27900 and 3115035.
1395
Calculate the highest common divisor of 901108 and 14911.
403
What is the highest common divisor of 12716360 and 1920?
40
Calculate the greatest common divisor of 511 and 20390798.
73
What is the highest common factor of 39917 and 6415264?
223
What is the highest common factor of 52320 and 1236768?
96
What is the greatest common factor of 3744796 and 2420?
44
What is the greatest common divisor of 81171208 and 49571?
2609
What is the greatest common factor of 171955 and 64447?
289
Calculate the highest common divisor of 126 and 2137302.
18
Calculate the highest common factor of 8 and 12920676.
4
Calculate the highest common factor of 450744 and 164472.
168
What is the greatest common divisor of 1632 and 880260816?
816
Calculate the greatest common factor of 219323 and 11973.
13
Calculate the greatest common divisor of 104090835 and 2280.
285
Calculate the highest common factor of 407916921 and 187.
17
What is the greatest common factor of 23189800 and 560?
40
Calculate the highest common factor of 6581584 and 88.
8
Calculate the highest common factor of 3502403 and 304.
19
Calculate the highest common factor of 1247 and 14022486.
29
What is the highest common factor of 4108402994 and 802?
802
What is the greatest common factor of 231192 and 3842712?
1368
Calculate the highest common factor of 22 and 15752110.
22
Calculate the highest common divisor of 4948 and 133624.
4
Calculate the greatest common factor of 32067 and 502799871.
10689
Calculate the greatest common factor of 584652 and 96.
12
What is the highest common factor of 1661050 and 3824?
478
Calculate the highest common divisor of 3204583 and 4314.
719
Calculate the